Calculate -29 + 27 + -14 + (3 - 8).
-21
(28 - 1) + -40 - (6 + -33)
14
What is the value of (-22 - -18) + 18 - 9?
5
What is (-34 - -61) + -41 - (11 + 4)?
-29
What is the value of -6 + 0 + -26 + 36 + -2?
2
Calculate -3 - (4 - -1) - (-19 - -18).
-7
Calculate 3 + -5 + 11 + -9.
0
Calculate (3 + 5 - 8 - 1) + -4.
-5
Evaluate -12 - (7 + -35) - 21.
-5
What is (20 - (5 - (-8 + 6))) + -9?
4
46 + -32 - (2 + 10)
2
What is the value of 8 + (-14 - (-13 + 6))?
1
Calculate 12 + (-16 - 34) + 64.
26
What is -43 + 15 - 6 - -61?
27
What is the value of 11 + -8 + 18 + -1 + -7?
13
50 - (6 - (-3 + -23))
18
What is the value of -3 - (-18 - 13) - 12?
16
Calculate 55 - (53 - 24 - -4).
22
Evaluate -9 + -15 + 11 + 8 + 8.
3
Calculate 10 - 6 - (-8 - (3 - (-1 - -11))).
5
What is (-351 - -359) + (-1 - (12 + 0))?
-5
What is 21 + (-23 + 9 + 9 - 2)?
14
Calculate (-1 + 0 - 10) + (-768 - -777).
-2
886 + -871 - (1 + -1)
15
What is (2 - -4) + (-7 - (-10 - -24))?
-15
Evaluate -3 + 7 + (5 - 4 - 16).
-11
Evaluate (-87 - -77) + 2 + -3 + (2 - 1).
-10
Calculate -54 + 25 + 18 - 7.
-18
What is 24 + (21 - 42) - (-13 + -1)?
17
Evaluate 10 - (63 - 31 - 27).
5
Calculate -33 + (46 - 21) - -19.
11
What is (2 - (7 + -3 + -3)) + -6 - 4?
-9
What is the value of (7 - 14) + 2 - (3 - (8 - 0))?
0
Calculate -14 + (11 + 6 - -8).
11
What is -3 + 6 + 15 + -14?
4
Evaluate 3 + -8 + 60 + -89.
-34
Calculate 2479 + -2466 - (40 - 1).
-26
Evaluate (0 - -19 - (98 - 93)) + -5.
9
What is (-1 - -1) + (-14 - (38 - 56))?
4
What is the value of (-8 - -3 - -1) + 97 + -96?
-3
-739 + 739 + (-15 - (-3 - -2))
-14
Calculate -3 - (1 + -5) - ((-2 - 3) + -9).
15
-1 + 1 - (323 + -325)
2
What is -11 - (14 - 28) - (4 - -4 - 1)?
-4
Calculate -2 - (-9 - 10) - 7.
10
What is the value of -37 + (5 - -12 - 0)?
-20
Evaluate -2 + 7 + -5 + 19 - 6.
13
Calculate 0 - 8 - ((5 + 11 - 41) + 23).
-6
Evaluate (3 - 8) + -1 + 2 + -1 + 4.
-1
Calculate (27 - 19 - 0) + -13 - (-31 - 0).
26
What is the value of 0 + 11 + (-3 + -3 - 2)?
3
What is the value of (16 + (-5 - 28) - -6) + -9?
-20
What is the value of 3 + (-5 - (6 - -5) - 1) - -2?
-12
Evaluate (4 - -12) + -12 + 8 + -6 + 3.
9
What is the value of (9 - 11 - (-9 + 4)) + -4 + 3?
2
What is -8 - (-3 + -33) - 13?
15
Evaluate (12 - 6) + -1 + (2 - (1 - -11)).
-5
What is the value of -14 + (-4 - -12) - (7 - (-1 - -15))?
1
Calculate 20 - (14 - (57 - 28)).
35
-5 + (2 - 32) + 8 + -3
-30
Evaluate (-188 - -190) + -15 + 0 - (1 + -4).
-10
What is the value of (10 - (9 + -19)) + -8?
12
What is 2 - 5 - (93 - 84)?
-12
What is 1 + (-2 + 2 - -3) - -12?
16
Evaluate (4 - -18) + 1 + (1 - 9).
15
Calculate -2 + 6 - (4 - (5 - 4 - -1)).
2
(24 - 10 - 6) + -8
0
Calculate (6 - (14 - 10)) + (0 - -4).
6
What is 19 - (1 + -3) - (30 + (14 - 54))?
31
(-2 - (36 + 4 + -23)) + 23
4
Calculate (2 - 2 - 5) + (220 - 202).
13
What is the value of 3 + (-16 - -3) + 15 + -16?
-11
What is the value of -9 - (35 - (18 - -15))?
-11
What is the value of 11 + 10 + (-3 - 0)?
18
What is -13 + 0 + 10 - -21 - 11?
7
What is the value of 4 + (0 - 0) + (-139 - -151) - 3?
13
What is the value of 12 - (-40 + 109 - 35)?
-22
Evaluate -17 - -29 - (-29 - -24).
17
Calculate -7 - -1 - (-11 + (-31 - -35)).
1
Evaluate -6 + (1 - -4) - (2 + (-23 - -17)).
3
Calculate 1 - -12 - ((37 - 67) + 28).
15
What is the value of (0 - -9 - -8) + 8?
25
Calculate (-8 - (-5 - 0)) + -3 - -19 - -1.
14
What is the value of 5 + 17 + -30 - (0 + -14)?
6
What is 4 + -24 - (-17 + 14 + -10 - -3)?
-10
Evaluate -6 + (7 - 11) + 12 - (-6 + 1).
7
What is -11 - (6 + -15 + (-7 - -13) + 8)?
-16
Calculate (15 - 7 - 5) + -16.
-13
Calculate -18 + 9 + 13 + 2 + -1.
5
Calculate (-1 - -1) + (-4 - 1) + (0 - 8).
-13
Evaluate 11 + -9 - (2 - 8) - 22.
-14
Calculate 10 + (0 + -1 - (7 + 0)).
2
What is 1 + 13 + -7 + (46 - 34)?
19
What is -8 - ((0 - 1) + 6)?
-13
What is 1 + 9 + 6 + -26?
-10
(5 - -1) + -1 - (-2535 - -2520)
20
Calculate (4 - 1) + 2 + (-6 - -3) + -20.
-18
What is 12 + 4 + (-12 - 4) + 7?
7
Evaluate -10 + (-5 + 36 + 4 - 0).
25
Calculate 6 - 6 - (20 + -15 + -4 + -2).
1
Evaluate -26 + 29 + 9 + 1 - (2 - 3).
14
Calculate 20 + -12 + -21 - (0 + -8).
-5
What is -2 - (6 + 7 + -13)?
-2
Evaluate -30 - (-72 + 43 - 28).
27
4 + -19 + 20 - (24 + -40)
21
What is (382 - 368) + -26 + -1?
-13
Evaluate 5 + 3 + 0 + -4 + 3 + -2.
5
(-10 - 1) + 1 + 19 + -9 + -4
-4
Evaluate (15 - ((-1 - 10) + 21)) + (-1 - -9).
13
Calculate -10 + 1 - (-9 + 18 + -26).
8
Calculate -6 + -1 - 2 - (66 - 74).
-1
What is the value of -13 - ((-2 - 10) + 149 + -162)?
12
Evaluate -5 - ((19 - 23) + (-5 - -3 - -1)).
0
What is (11 - (-1 + 24)) + 6 - (-8 - -1)?
1
Evaluate (-5 + 1 - -2) + -108 + 82.
-28
Calculate -7 + 10 + 1 + 3 + 3 + -18.
-8
What is the value of 0 - 4 - (-7 + 33 - 32)?
2
(61 - 56) + (1 - -3) + -3
6
What is the value of 2 - (11 + -14 - (4 - 0))?
9
(7 - (-2 + -3 + 14 + 2)) + -1
-5
What is the value of (-19 - (2 + (-10 - (-6 + 2)))) + 8?
-7
What is -1 + -3 - -1 - (-43 - (-27 - -10))?
23
Calculate -18 + 2 + (7 - 7) + (-8 - -15).
-9
Calculate (-8 - 5) + 24 + 1.
12
Evaluate -251 + 221 - (1 + -46).
15
Calculate -19 + 19 - (-1 - (0 - -7)).
8
What is 1 - -2 - (-424 - -416)?
11
What is the value of 7 - (-5 + -8 + 15 + -10)?
15
Evaluate 80 - (131 - 46) - ((-1 - -1) + 4).
-9
What is (6 - 0) + (3 + -13 - -15 - 3)?
8
Evaluate -1 + 2 - (42 - 41 - (-3 + -2)).
-5
Evaluate 3 - (-1 + (-9 - -3) + -2) - 9.
3
Calculate 9 + -10 - -6 - (0 - -3 - 1).
3
What is 36 + 0 + -20 + (-1 - (6 + -3))?
12
What is the value of -14 + 9 + -3 + (-4 - -2)?
-10
What is the value of 967 - 948 - (0 + 31 + -3)?
-9
What is the value of 4 + 3 + -15 - ((-4 - -6) + -18)?
8
Calculate 41 + (14 - 13 - 7) - 9.
26
What is -2 + 2 + (-31 - -41)?
10
Evaluate (0 + -6 - (11 + 8 + -17)) + -4.
-12
-12 - (-13 - -5 - -10 - -2)
-16
0 + (-29 + 13 - -3) - -1
-12
What is 19 + 21 + -41 + -14 - (-4 + 1)?
-12
What is 4 + 3 - (9 + -7)?
5
What is -17 - (25 + 3 - 19)?
-26
Calculate 26 + (-5 - -5) - 13.
13
Calculate (2 - -4) + (428 - 462).
-28
Evaluate 111 + -106 + 7 + -2.
10
Calculate 14 - 1 - (-228 + 242).
-1
Calculate 0 + -1 + (37 - 30).
6
Evaluate -13 - (24 - 60 - -23).
0
What is -22 + 10 + 39 + -25?
2
Evaluate -5 - ((10 - 5) + -23 + 5).
8
What is (-28 - -13 - -20) + -50 + 13?
-32
Calculate -2 + 0 + 6 + (7 - -2) + -6.
7
(-7 - (-25 - -5)) + -25 + -1
-13
What is the value of -22 - -10 - (-4 + -6)?
-2
0 + (13 - 0) + (-8 - (16 - 23))
12
What is 6 + (26 + -11 - 9)?
12
Evaluate -8 - -8 - (4 + 7).
-11
Calculate 4 + 13 + 0 - 10 - 7.
0
What is -3 + (9 - (1 + 3))?
2
Calculate 3 - (-10 + 2 - 2) - 1.
12
Evaluate (68 - 87) + (26 - 8).
-1
Evaluate 0 - (2 + (14 - 21)).
5
Evaluate 5 + -8 + 3 + (-2 + -5 - -4).
-3
5 + (92 + -102 - (-19 + 1 - -2))
11
Evaluate 25 + (24 - 68) - -3.
-16
What is the value of -5 + 0 - ((15 - 6) + -10 - 4)?
0
Calculate 2 + (-3 - -8) + -10 + -1 + 8.
4
Calculate (-256 - -245) + (0 - -18).
7
What is the value of 10 - (-4 + -12 + 33 + 14)?
-21
2 + 7 + -11 + 2
0
Evaluate -1 + (-6 - (7 + -5 + -1)).
-8
What is the value of (16 - -2 - (49 + -37)) + 19 + 3?
28
-12 + ((1 - 16) + 4 - -41)
18
40 - (23 + -34 - -56)
-5
What is 13 + (-16 - -11) - -7?
15
Evaluate -4 - (5 - (14 + -1)) - -3.
7
What is the value of 2 - 1 - (-51 - -50)?
2
What is -4 + 26 + -4 + -7?
11
Calculate -28 + -92 + 112 + (-16 - 2).
-26
Evaluate 0 - (-2 + -5) - (-19 - (-15 - 3)).
8
What is the value of (-484 - -479) + 23 + -1 - 1?
16
Evaluate 71 + -45 + -36 + 1.
-9
What is the value of 4 - ((3 - -6) + (-3 - (18 + 0)))?
16
What is 5 + 2 + (-9 - 6)?
-8
What is -23 - (-34 - (2 + -14))?
-1
What is the value of 0 - -21 - ((-17 - -8) + 15)?
15
Calculate 18 - 6 - (12 + -2 - 0).
2
What is 6 + (-5 - -3) - (15 + -9 - 25)?
23
Calculate -3 - (-14 + -11 + 24).
-2
Evaluate 11 + (5 - (9 + (5 - 5))).
7
What is -20 + (47 - 17) + 2?
12
What is (2 + -25 - -25) + 1?
3
-21 - -2 - -59 - 18
22
Calculate -2 + -6 + 9 + (1 - 3) - -21.
20
Calculate 241 - 253 - (0 + 0 + 6).
-18
What is the value of -15 - -5 - -11 - 17?
-16
Calculate 6 + -5 + 1 + (-8 - -15).
9
What is the value of -13 + 3 - (11 + -1 + -111 + 90)?
1
(4 - 4 - -6 - -1) + -11
-4
Evaluate 3 + (-7 - 0) + -9.
-13
Calculate (18 - -6 - 12) + 1 + 1 + 8.
22
Evaluate -29 + (41 - 23) + 14.
3
What is the value of 51 + -58 + (-1 - (0 + (-1 - -2)))?
-9
(-28 + 12 - -9) + (8 - -5)
6
Calculate 20 + -29 - (-3 + (3 - (3 - 1))).